 5, 7, 19
List the prime factors of 37280.
2, 5, 233
What are the prime factors of 189?
3, 7
List the prime factors of 42174.
2, 3, 11, 71
What are the prime factors of 2082?
2, 3, 347
List the prime factors of 5339.
19, 281
What are the prime factors of 5411?
7, 773
What are the prime factors of 42472?
2, 5309
What are the prime factors of 2623?
43, 61
What are the prime factors of 1898?
2, 13, 73
What are the prime factors of 4879?
7, 17, 41
What are the prime factors of 295?
5, 59
What are the prime factors of 13849?
11, 1259
What are the prime factors of 63456?
2, 3, 661
What are the prime factors of 81109?
7, 11587
List the prime factors of 23636.
2, 19, 311
What are the prime factors of 5133?
3, 29, 59
List the prime factors of 6.
2, 3
List the prime factors of 28694.
2, 14347
List the prime factors of 2254.
2, 7, 23
What are the prime factors of 40551?
3, 7, 1931
List the prime factors of 1169.
7, 167
List the prime factors of 1208.
2, 151
What are the prime factors of 16248?
2, 3, 677
What are the prime factors of 1498?
2, 7, 107
What are the prime factors of 3684?
2, 3, 307
What are the prime factors of 1863?
3, 23
List the prime factors of 38256.
2, 3, 797
What are the prime factors of 5715?
3, 5, 127
What are the prime factors of 749?
7, 107
What are the prime factors of 30382?
2, 11, 1381
What are the prime factors of 9344?
2, 73
List the prime factors of 58025.
5, 11, 211
What are the prime factors of 539?
7, 11
List the prime factors of 603.
3, 67
List the prime factors of 5922.
2, 3, 7, 47
List the prime factors of 132634.
2, 17, 47, 83
List the prime factors of 9795.
3, 5, 653
List the prime factors of 5103.
3, 7
What are the prime factors of 5041?
71
What are the prime factors of 5801?
5801
List the prime factors of 3121.
3121
What are the prime factors of 1357?
23, 59
List the prime factors of 1417.
13, 109
List the prime factors of 46211.
11, 4201
What are the prime factors of 446?
2, 223
What are the prime factors of 1052?
2, 263
List the prime factors of 117511.
117511
List the prime factors of 1350.
2, 3, 5
What are the prime factors of 58982?
2, 7, 11, 383
What are the prime factors of 1986?
2, 3, 331
What are the prime factors of 25997?
25997
List the prime factors of 2389.
2389
List the prime factors of 629.
17, 37
What are the prime factors of 1647?
3, 61
What are the prime factors of 1668?
2, 3, 139
What are the prime factors of 7716?
2, 3, 643
What are the prime factors of 1651?
13, 127
What are the prime factors of 1271?
31, 41
List the prime factors of 3141.
3, 349
What are the prime factors of 109355?
5, 21871
List the prime factors of 41525.
5, 11, 151
List the prime factors of 106026.
2, 3, 41, 431
What are the prime factors of 176?
2, 11
List the prime factors of 3905.
5, 11, 71
List the prime factors of 96653.
19, 5087
What are the prime factors of 60434?
2, 11, 41, 67
List the prime factors of 428.
2, 107
List the prime factors of 156277.
11, 14207
List the prime factors of 576.
2, 3
What are the prime factors of 161935?
5, 139, 233
What are the prime factors of 12481?
7, 1783
List the prime factors of 111487.
111487
What are the prime factors of 351?
3, 13
What are the prime factors of 182?
2, 7, 13
What are the prime factors of 7143?
3, 2381
What are the prime factors of 585?
3, 5, 13
What are the prime factors of 55751?
197, 283
What are the prime factors of 8201?
59, 139
What are the prime factors of 61115?
5, 17, 719
What are the prime factors of 4524?
2, 3, 13, 29
What are the prime factors of 23696?
2, 1481
List the prime factors of 104234.
2, 13, 19, 211
What are the prime factors of 972?
2, 3
List the prime factors of 7722.
2, 3, 11, 13
List the prime factors of 824.
2, 103
What are the prime factors of 1340?
2, 5, 67
List the prime factors of 2098.
2, 1049
What are the prime factors of 1199?
11, 109
What are the prime factors of 121?
11
What are the prime factors of 2302?
2, 1151
List the prime factors of 75261.
3, 25087
What are the prime factors of 563?
563
List the prime factors of 67192.
2, 37, 227
What are the prime factors of 2786?
2, 7, 199
What are the prime factors of 3365?
5, 673
List the prime factors of 635.
5, 127
What are the prime factors of 548?
2, 137
List the prime factors of 114183.
3, 4229
What are the prime factors of 1252?
2, 313
List the prime factors of 16344.
2, 3, 227
List the prime factors of 34514.
2, 17257
What are the prime factors of 12255?
3, 5, 19, 43
List the prime factors of 226.
2, 113
List the prime factors of 894.
2, 3, 149
List the prime factors of 78970.
2, 5, 53, 149
List the prime factors of 1167.
3, 389
What are the prime factors of 770?
2, 5, 7, 11
What are the prime factors of 10935?
3, 5
List the prime factors of 38611.
38611
What are the prime factors of 48221?
48221
What are the prime factors of 32?
2
List the prime factors of 41985.
3, 5, 311
List the prime factors of 14161.
7, 17
What are the prime factors of 34479?
3, 1277
List the prime factors of 12568.
2, 1571
List the prime factors of 69335.
5, 7, 283
List the prime factors of 5846.
2, 37, 79
What are the prime factors of 113?
113
What are the prime factors of 15520?
2, 5, 97
List the prime factors of 7922.
2, 17, 233
What are the prime factors of 1108?
2, 277
List the prime factors of 3463.
3463
What are the prime factors of 8108?
2, 2027
What are the prime factors of 11829?
3, 3943
What are the prime factors of 161?
7, 23
What are the prime factors of 22536?
2, 3, 313
What are the prime factors of 379?
379
What are the prime factors of 7616?
2, 7, 17
List the prime factors of 460.
2, 5, 23
List the prime factors of 19416.
2, 3, 809
What are the prime factors of 7977?
3, 2659
List the prime factors of 19122.
2, 3, 3187
What are the prime factors of 218?
2, 109
List the prime factors of 1105.
5, 13, 17
What are the prime factors of 15892?
2, 29, 137
What are the prime factors of 88621?
13, 17, 401
What are the prime factors of 49249?
17, 2897
List the prime factors of 2832.
2, 3, 59
What are the prime factors of 1249?
1249
List the prime factors of 2235.
3, 5, 149
List the prime factors of 32200.
2, 5, 7, 23
What are the prime factors of 7306?
2, 13, 281
What are the prime factors of 837?
3, 31
List the prime factors of 71526.
2, 3, 7, 13, 131
What are the prime factors of 146675?
5, 5867
What are the prime factors of 1216?
2, 19
What are the prime factors of 27974?
2, 71, 197
List the prime factors of 6877.
13, 23
List the prime factors of 36918.
2, 3, 7, 293
What are the prime factors of 852?
2, 3, 71
List the prime factors of 1153.
1153
What are the prime factors of 13949?
13, 29, 37
List the prime factors of 131.
131
List the prime factors of 1710.
2, 3, 5, 19
What are the prime factors of 6580?
2, 5, 7, 47
What are the prime factors of 4165?
5, 7, 17
List the prime factors of 30076.
2, 73, 103
What are the prime factors of 926?
2, 463
List the prime factors of 6380.
2, 5, 11, 29
List the prime factors of 2244.
2, 3, 11, 17
What are the prime factors of 24321?
3, 11, 67
List the prime factors of 21511.
7, 439
List the prime factors of 1272.
2, 3, 53
What are the prime factors of 262?
2, 131
What are the prime factors of 2246?
2, 1123
List the prime factors of 6143.
6143
What are the prime factors of 13139?
7, 1877
What are the prime factors of 935?
5, 11, 17
What are the prime factors of 49575?
3, 5, 661
What are the prime factors of 99328?
2, 97
List the prime factors of 2916.
2, 3
What are the prime factors of 1780?
2, 5, 89
What are the prime factors of 134?
2, 67
What are the prime factors of 24408?
2, 3, 113
What are the prime factors of 1249?
1249
What are the prime factors of 542?
2, 271
What are the prime factors of 10833?
3, 23, 157
What are the prime factors of 3520?
2, 5, 11
What are the prime factors of 4564?
2, 7, 163
What are the prime factors of 13477?
13477
What are the prime factors of 285?
3, 5, 19
List the prime factors of 23901.
3, 31, 257
What are the prime factors of 3447?
3, 383
What are the prime factors of 28752?
2, 3, 599
What are the prime factors of 545?
5, 109
List the prime factors of 11402.
2, 5701
What are the prime factors of 972?
2, 3
What are the prime factors of 886?
2, 443
What are the prime factors of 35778?
2, 3, 67, 89
List the prime factors of 1